{"id":481,"date":"2018-07-09T08:57:09","date_gmt":"2018-07-09T08:57:09","guid":{"rendered":"https:\/\/sahel.qodeinteractive.com\/elementor\/?page_id=481"},"modified":"2018-07-09T08:57:09","modified_gmt":"2018-07-09T08:57:09","slug":"get-in-touch","status":"publish","type":"page","link":"https:\/\/mindbodyspirit-institute.com\/index.php\/get-in-touch\/","title":{"rendered":"Get In Touch"},"content":{"rendered":"<h1 style=\"font-family: Old Standard TT;font-size: 60px;line-height: 48px;font-weight: 400;font-style: normal;letter-spacing: -0.1px;color: #FFFFFF\" data-item-class=\"eltdf-cf-5640\">\n\tCape Town<\/h1>\n<p>\t\t<a target=\"_blank\" rel=\"noopener\">Hertzog Blvd 132<\/a><br \/>\n<a target=\"_blank\" rel=\"noopener\">8001, South Africa<\/a><br \/>\nPh: <a style=\"color: #ffffff;\" href=\"tel: +2712344567\">+27 1234 45 67<\/a> \t\t<\/p>\n<h1 style=\"font-family: Old Standard TT;font-size: 60px;line-height: 48px;font-weight: 400;font-style: normal;letter-spacing: -0.1px;color: #FFFFFF\" data-item-class=\"eltdf-cf-8775\">\n\tS\u00e3o Paulo<\/h1>\n<p>\t\t<a target=\"_blank\" rel=\"noopener\">Lu\u00eds Carlos Avenue, 11<\/a><br \/>\n<a target=\"_blank\" rel=\"noopener\">13010-111, Brazil<\/a><br \/>\nPh: <a style=\"color: #ffffff;\" href=\"tel:+5512345528\">+55 1234 55 28<\/a><\/p>\n<h6 >\n\t\t\t\tContact\t\t\t<\/h6>\n<h1 >\n\t\t\t\tHello, Ol\u00e1<br \/> Molo<br \/>\n\t\t\t<\/h1>\n<p >\n\t\t\t\tAamet, consectetur adipiscing elit tellus vitae condimentum.<br \/>\nVero pietas dolor dus egestas, libero.\t\t\t<\/p>\n","protected":false},"excerpt":{"rendered":"<p>Cape Town Hertzog Blvd 132 8001, South Africa Ph: +27 1234 45 67 S\u00e3o Paulo Lu\u00eds Carlos Avenue, 11 13010-111, Brazil Ph: +55 1234 55 28 Contact Hello, Ol\u00e1 Molo Aamet, consectetur adipiscing elit tellus vitae condimentum. Vero pietas dolor [&hellip;]<\/p>\n","protected":false},"author":1,"featured_media":0,"parent":0,"menu_order":0,"comment_status":"closed","ping_status":"closed","template":"elementor_header_footer","meta":{"footnotes":""},"class_list":["post-481","page","type-page","status-publish","hentry"],"_links":{"self":[{"href":"https:\/\/mindbodyspirit-institute.com\/index.php\/wp-json\/wp\/v2\/pages\/481","targetHints":{"allow":["GET"]}}],"collection":[{"href":"https:\/\/mindbodyspirit-institute.com\/index.php\/wp-json\/wp\/v2\/pages"}],"about":[{"href":"https:\/\/mindbodyspirit-institute.com\/index.php\/wp-json\/wp\/v2\/types\/page"}],"author":[{"embeddable":true,"href":"https:\/\/mindbodyspirit-institute.com\/index.php\/wp-json\/wp\/v2\/users\/1"}],"replies":[{"embeddable":true,"href":"https:\/\/mindbodyspirit-institute.com\/index.php\/wp-json\/wp\/v2\/comments?post=481"}],"version-history":[{"count":0,"href":"https:\/\/mindbodyspirit-institute.com\/index.php\/wp-json\/wp\/v2\/pages\/481\/revisions"}],"wp:attachment":[{"href":"https:\/\/mindbodyspirit-institute.com\/index.php\/wp-json\/wp\/v2\/media?parent=481"}],"curies":[{"name":"wp","href":"https:\/\/api.w.org\/{rel}","templated":true}]}}